 hundreds digit of 3373?
3
What is the units digit of 1580?
0
What is the units digit of 67491?
1
What is the tens digit of 10412?
1
What is the units digit of 1442?
2
What is the hundreds digit of 73659?
6
What is the thousands digit of 2937?
2
What is the tens digit of 1000?
0
What is the units digit of 27916?
6
What is the units digit of 27317?
7
What is the hundreds digit of 124?
1
What is the ten thousands digit of 108170?
0
What is the units digit of 25362?
2
What is the ten thousands digit of 27187?
2
What is the ten thousands digit of 10733?
1
What is the tens digit of 1010?
1
What is the hundreds digit of 7599?
5
What is the hundreds digit of 24441?
4
What is the thousands digit of 4215?
4
What is the hundreds digit of 9482?
4
What is the units digit of 34498?
8
What is the thousands digit of 17228?
7
What is the thousands digit of 65441?
5
What is the tens digit of 3503?
0
What is the hundreds digit of 7560?
5
What is the thousands digit of 8259?
8
What is the ten thousands digit of 195906?
9
What is the thousands digit of 52829?
2
What is the units digit of 958?
8
What is the units digit of 734?
4
What is the ten thousands digit of 84736?
8
What is the units digit of 1314?
4
What is the units digit of 2156?
6
What is the tens digit of 21005?
0
What is the units digit of 963?
3
What is the hundreds digit of 313?
3
What is the hundreds digit of 113130?
1
What is the thousands digit of 35092?
5
What is the units digit of 2932?
2
What is the units digit of 4865?
5
What is the thousands digit of 7831?
7
What is the hundred thousands digit of 114043?
1
What is the thousands digit of 132819?
2
What is the hundred thousands digit of 174780?
1
What is the ten thousands digit of 14328?
1
What is the hundreds digit of 10390?
3
What is the hundreds digit of 2118?
1
What is the tens digit of 2899?
9
What is the hundreds digit of 11364?
3
What is the thousands digit of 9211?
9
What is the hundreds digit of 881?
8
What is the tens digit of 607?
0
What is the tens digit of 7490?
9
What is the tens digit of 10152?
5
What is the hundreds digit of 76424?
4
What is the tens digit of 35?
3
What is the tens digit of 33524?
2
What is the tens digit of 6616?
1
What is the units digit of 867?
7
What is the thousands digit of 81603?
1
What is the hundreds digit of 15179?
1
What is the tens digit of 2774?
7
What is the ten thousands digit of 78687?
7
What is the hundreds digit of 99691?
6
What is the thousands digit of 3930?
3
What is the tens digit of 26517?
1
What is the thousands digit of 47827?
7
What is the units digit of 649?
9
What is the hundreds digit of 8079?
0
What is the units digit of 1801?
1
What is the units digit of 1776?
6
What is the hundreds digit of 13619?
6
What is the hundreds digit of 80881?
8
What is the hundreds digit of 952?
9
What is the hundreds digit of 72797?
7
What is the hundreds digit of 47647?
6
What is the units digit of 1257?
7
What is the units digit of 11258?
8
What is the thousands digit of 22299?
2
What is the hundreds digit of 59210?
2
What is the ten thousands digit of 34656?
3
What is the hundreds digit of 2295?
2
What is the hundreds digit of 16157?
1
What is the hundreds digit of 536?
5
What is the hundreds digit of 1625?
6
What is the tens digit of 55252?
5
What is the hundreds digit of 7798?
7
What is the units digit of 1296?
6
What is the tens digit of 2967?
6
What is the tens digit of 32?
3
What is the thousands digit of 19342?
9
What is the units digit of 4436?
6
What is the tens digit of 138438?
3
What is the ten thousands digit of 20518?
2
What is the tens digit of 5844?
4
What is the tens digit of 4523?
2
What is the hundreds digit of 101850?
8
What is the hundreds digit of 30403?
4
What is the units digit of 3573?
3
What is the hundreds digit of 158682?
6
What is the tens digit of 174?
7
What is the hundreds digit of 1560?
5
What is the units digit of 6997?
7
What is the thousands digit of 36390?
6
What is the tens digit of 43795?
9
What is the ten thousands digit of 41747?
4
What is the tens digit of 1368?
6
What is the tens digit of 1684?
8
What is the thousands digit of 2266?
2
What is the units digit of 1995?
5
What is the hundreds digit of 18269?
2
What is the units digit of 3366?
6
What is the tens digit of 11898?
9
What is the tens digit of 1004?
0
What is the units digit of 922?
2
What is the ten thousands digit of 34247?
3
What is the tens digit of 17525?
2
What is the hundreds digit of 135125?
1
What is the tens digit of 87?
8
What is the units digit of 72338?
8
What is the units digit of 676?
6
What is the thousands digit of 1355?
1
What is the ten thousands digit of 88407?
8
What is the tens digit of 48?
4
What is the tens digit of 885?
8
What is the ten thousands digit of 18278?
1
What is the hundreds digit of 91898?
8
What is the tens digit of 3056?
5
What is the units digit of 18579?
9
What is the thousands digit of 17435?
7
What is the tens digit of 4119?
1
What is the hundreds digit of 164?
1
What is the units digit of 29535?
5
What is the thousands digit of 4958?
4
What is the units digit of 9497?
7
What is the hundreds digit of 15368?
3
What is the units digit of 62982?
2
What is the thousands digit of 10214?
0
What is the units digit of 8004?
4
What is the hundreds digit of 2399?
3
What is the ten thousands digit of 17641?
1
What is the tens digit of 3013?
1
What is the units digit of 2156?
6
What is the thousands digit of 1971?
1
What is the ten thousands digit of 17912?
1
What is the hundreds digit of 47708?
7
What is the units digit of 63278?
8
What is the ten thousands digit of 20076?
2
What is the units digit of 6045?
5
What is the thousands digit of 1017?
1
What is the units digit of 411?
1
What is the ten thousands digit of 23852?
2
What is the hundreds digit of 203?
2
What is the tens digit of 2207?
0
What is the units digit of 606?
6
What is the tens digit of 375?
7
What is the units digit of 1004?
4
What is the tens digit of 5913?
1
What is the hundreds digit of 13528?
5
What is the hundreds digit of 266?
2
What is the thousands digit of 6895?
6
What is the ten thousands digit of 79502?
7
What is the tens digit of 17975?
7
What is the units digit of 966?
6
What is the tens digit of 201522?
2
What is the units digit of 1933?
3
What is the units digit of 77148?
8
What is the thousands digit of 26117?
6
What is the thousands digit of 3451?
3
What is the units digit of 2101?
1
What is the hundreds digit of 103?
1
What is the units digit of 69?
9
What is the tens digit of 1682?
8
What is the hundreds digit of 3199?
1
What is the thousands digit of 2567?
2
What is the tens digit of 51?
5
What is the tens digit of 68?
6
What is the tens digit of 1090?
9
What is the units digit of 53144?
4
What is the ten thousands digit of 68915?
6
What is the units digit of 1285?
5
What is the thousands digit of 16203?
6
What is the thousands digit of 2624?
2
What is the hundreds digit of 2196?
1
What is the thousands digit of 8652?
8
What is the units digit of 958?
8
What is the units digit of 878?
8
What is the hundreds digit of 1819?
8
What is the hundreds digit of 2127?
1
What is the hundreds digit of 710?
7
What is the tens digit of 293?
9
What is the units digit of 1013?
3
What is the hundreds digit of 2231?
2
What is the units digit of 39?
9
What is the tens digit of 1693?
9
What is the tens digit of 5297?
9
What is the thousands digit of 98414?
8
What is the hundreds digit of 30436?
4
What is the ten thousands digit of 11152?
1
What is the thousands digit of 1683?
1
What is the thousands digit of 16180?
6
What is the ten thousands digit of 68227?
6
What is the ten thousands digit of 21949?
2
What is the tens digit of 20761?
6
What is the hundreds digit of 21468?
4
What is the hundreds digit of 12625?
6
What is the tens digit of 763?
6
What is the hundreds digit of 9867?
8
What is the units digit of 7610?
0
What is the hundreds digit of 7362?
3
What is the units digit of 5813?
3
What is the ten thousands digit of 40231?
4
What is the ten thousands digit of 125189?
2
What is the hundreds digit of 6114?
1
What is the hundreds digit of 11566?
5
What is the thousands digit of 6474?
6
What is the thousands digit of 21279?
1
What is the units digit of 9832?
2
What is the thousands digit of 404